 10. What is the highest common divisor of i and 9?
9
Let o be (18/(-15))/(3/(-50)). Let n be o/(((-15)/(-9))/5). What is the greatest common divisor of n and 12?
12
Let o(p) = p**3 + 8*p**2 - 7*p - 10. Let a be o(-8). What is the greatest common divisor of a and 115?
23
Suppose 5*f - 78 = -z, 4*f = -5*z + 360 + 114. Suppose -5*b + 7 = -8. Suppose -b*g - g + 56 = 0. Calculate the highest common divisor of z and g.
14
Let u(a) = 2*a**3 - 2*a**2 + 3*a - 2. Let s be u(2). Calculate the highest common divisor of s and 108.
12
Let x(q) = 12*q**3 - q**2 + q + 1. Let p be x(1). Calculate the highest common divisor of p and 39.
13
Suppose 3 = 3*w, -2*w = -3*t - 3*w + 13. Calculate the greatest common divisor of 2 and t.
2
Suppose -2*w + 25 = 5*k, -k + 0*k + 5 = -2*w. Let r = 5 + w. Suppose 10 + 10 = r*o. Calculate the greatest common divisor of o and 1.
1
Let j = -11 - -12. Let n be 4/(4/11) + j. What is the highest common factor of n and 12?
12
Let b be 44/6 - (-7)/(-21). Let f = 11 - b. Calculate the greatest common factor of f and 6.
2
Let g(c) = c**2 - 7*c. Let i be g(8). What is the highest common divisor of 104 and i?
8
Let h be (-6)/(-21) - 4/14. Suppose c + 4*c - 15 = h. Suppose -c*a + 16 = -8. Calculate the greatest common divisor of a and 64.
8
Suppose 0 = -5*q + 4*s + 88, 3*q - 7*q = 4*s - 56. What is the greatest common divisor of 64 and q?
16
Let r(f) = 20*f. Let d be r(4). Let h be 0 + 6 + 1 + 3. What is the highest common divisor of h and d?
10
Let n be 0/(-1*4/4). Suppose n*h - 6 = -h. What is the greatest common factor of h and 4?
2
Let j(i) = -i**2 + 6*i - 4. Let v(g) = g - 1. Let u(r) = -j(r) + v(r). Let a be u(2). Let d be (-2)/1 - a/1. Calculate the highest common divisor of d and 7.
1
Let r be 8 - (1 - -1) - (-4 - -1). Let b(d) = -d**3 - 7*d**2 - 5*d + 7. Let u be b(-6). Suppose -4*w - u = -r. Calculate the highest common factor of w and 22.
2
Suppose 5*q - 468 = -138. Calculate the highest common divisor of 594 and q.
66
Let p = 30 + 84. Suppose -2*l = -444 + p. Let u be (-4 - -7) + -2 + 14. Calculate the greatest common factor of u and l.
15
Suppose 8 = 2*s + 4*a, -3*s + 0*a + 52 = -2*a. What is the highest common factor of 84 and s?
14
Let k = -15 - -37. What is the highest common divisor of k and 11?
11
Suppose 0 = -5*c + 187 - 22. What is the highest common divisor of c and 22?
11
Suppose -72 = -i - 2*i. Let x = -5 - -17. Calculate the greatest common factor of i and x.
12
Let t(j) = -j**2 + j - j**3 + 5*j**2 + 2*j. Let l be t(-2). Calculate the highest common factor of l and 9.
9
Suppose -39 = -q + 3. Calculate the greatest common divisor of 28 and q.
14
Suppose b = -1 + 5. Calculate the highest common factor of b and 16.
4
Suppose -s + 48 = 14. Suppose 4*v = 106 + s. Calculate the greatest common factor of v and 14.
7
Let i be 2/(-4) + (-3)/(-2). Suppose 0 = -4*n + 3*w - 5, 0*n - 4*n - 5*w = 45. Let t be -1 + (n - -2 - -5). Calculate the greatest common divisor of i and t.
1
Suppose 2*b + 35 = 97. Suppose 3*c + 2*k = 75 + b, k = -2*c + 69. Calculate the highest common factor of 16 and c.
16
Suppose -3*j + 37 = -17. Calculate the highest common divisor of 2 and j.
2
Suppose -3*t - 2*t + 35 = 0. Let k be (32/(-10))/((-9)/135). Suppose u + c - 32 = 0, 2*c = 3*u - u - k. What is the greatest common divisor of t and u?
7
Let t = -9 - -18. Suppose 0 = a - t - 2. Calculate the greatest common factor of 121 and a.
11
Let o be (9/(-3))/(28/(-8) + 2). Let f(j) = 3*j**2 - j. Let n be f(-2). Calculate the highest common factor of o and n.
2
Let c = -16 - -89. Suppose -5*w - 128 = -0*j - 2*j, 0 = -5*j + 5*w + 350. Suppose c = 3*q - j. What is the highest common factor of q and 7?
7
Let k(l) = 2*l**2 - 11*l. Let s be k(9). Calculate the highest common factor of s and 9.
9
Let b be (-2)/3*-6*3. Suppose d + 2*d + 2*y - 186 = 0, -4*d + 3*y = -231. What is the greatest common factor of b and d?
12
Suppose -2*j - 2*h + 20 = -4*h, 2*h - 46 = -4*j. What is the highest common factor of 121 and j?
11
Let d = -16 - -67. Calculate the greatest common divisor of 17 and d.
17
Suppose -q = -5*q - 368. Let j = -56 - q. Calculate the greatest common factor of j and 12.
12
Suppose 62 = 2*l + 18. What is the highest common divisor of l and 33?
11
Let g(m) = m**3 + 10*m**2 + 7*m + 8. Let r be g(-9). Let u be (r - 3) + 3 + 0. What is the greatest common divisor of u and 182?
26
Let h(z) = z**3 + 7*z**2 + 4*z - 6. Let j be h(-6). Let l(q) = -q - 1. Let o = 2 - 5. Let c be l(o). Calculate the highest common divisor of c and j.
2
Let r be 6/8 + 1047/12. Calculate the greatest common divisor of 11 and r.
11
Suppose 2*m + 4*i + 10 = 0, 3*m - 8 = 5*i + 32. Suppose m*f = 24 + 6. Calculate the greatest common factor of f and 6.
6
Let n(f) = -22*f. Let d be n(-1). Let t(k) = 3*k**2 - k + 1. Let s be t(2). What is the highest common divisor of d and s?
11
Suppose 2*q - 14 = -2*y + 6*q, -2*q = y - 3. Calculate the greatest common divisor of 2 and y.
1
Suppose 2*f - 210 + 76 = 0. Let i(v) = v**2 - 4. Let k be i(-3). Suppose -2*h + h + 15 = -d, -f = -k*h + 3*d. What is the greatest common divisor of 55 and h?
11
Let f = -116 + 186. Calculate the highest common factor of f and 175.
35
Suppose 2*c - 3*l = -0*l, 0 = c + l. Suppose -g - t = -1 + 2, c = 2*g - 5*t - 26. Suppose -3*i + 0*i + g = 0. Calculate the greatest common divisor of i and 7.
1
Suppose -5*d - 4*c = 334, 5*c = 16 + 4. Let y = 95 - d. Suppose -4*q = q - y. Calculate the greatest common divisor of 3 and q.
3
Let d = -15 - -17. Suppose a = d*a - 1. Calculate the highest common divisor of 2 and a.
1
Suppose -3*f + f = 4*n - 6, -3*f = 2*n - 9. Suppose 0 = -f*k + g + 141, 2*g = 4*k - 233 + 47. Calculate the greatest common factor of 12 and k.
12
Suppose 0 = -5*s + 3*k + 323, 2*s - 5*s + 3*k = -195. Suppose -2*m - s = x - 236, 432 = 5*m + 2*x. Calculate the greatest common divisor of m and 22.
22
Let n = -14 - -23. What is the greatest common divisor of n and 81?
9
Suppose -3*p - 977 = -4*w, -5*w + p + 1225 = -4*p. What is the greatest common divisor of 22 and w?
22
Suppose -4*c - w = -40, 3*c - 7 = -0*c + 5*w. Suppose 0 = 2*f - 3*f. Suppose x = 5*b + 1, f*b - 2*b = -2*x + 2. Calculate the greatest common factor of x and c.
1
Suppose 2*p = 4*i + 610, i - 4 = 2*i. Calculate the highest common divisor of p and 33.
33
Let q(h) = 3*h**2 - 3*h. Suppose -6*w + 3*w + 9 = 0. Let r be q(w). What is the greatest common factor of 45 and r?
9
Let p(t) = 59*t**2 - t - 2. Suppose -3*j = -4*j + 2*z, -3*j + 8 = 2*z. Let c be p(j). Calculate the highest common divisor of 29 and c.
29
Let m(d) = -d**3 + 5*d**2 - 3*d + 2. Let x be m(3). Let j be 25/(2 + 3/(-3)). Let n be 440/j*(4 + 1). What is the highest common divisor of n and x?
11
Suppose q - 4 = -2*y + 5*q, 5*q + 14 = 4*y. Let v(w) = -29*w + 1. Let i be v(-1). Calculate the highest common divisor of y and i.
6
Let m(l) = -4 + 4 - 2*l - 4. Let d be m(-6). Let o be 6/10 + 1108/80*4. Calculate the greatest common factor of d and o.
8
Let u be (1 + 2/(-3))*(21 - 15). Let m = -9 + 13. Calculate the greatest common factor of u and m.
2
Let f be (-96)/2*5/(-15). Calculate the highest common divisor of 24 and f.
8
Let t(o) = 6*o - 2. Let l be t(6). What is the greatest common factor of 51 and l?
17
Suppose 0 = 2*j - 3*j - 3*d - 2, 0 = j - d - 6. Suppose -208 + 16 = -j*c. What is the greatest common factor of 12 and c?
12
Let r be (4*-2)/(-1) - -1. Let p be (3/1)/(r/12). Let q(b) = -b**3 - b**2 + b + 10. Let l be q(0). Calculate the greatest common factor of p and l.
2
Let c(n) = 6*n**2 + 4 - 2*n + 7*n + n**3 - 2*n. Let b be c(-4). Calculate the greatest common factor of 6 and b.
6
Let m(a) = -a**2 + 3*a + 64. Let p be m(0). Suppose 0*j + 5 = 5*j. Let l = j + 7. Calculate the greatest common factor of p and l.
8
Let q(d) be the second derivative of d**5/20 - 5*d**4/6 + 4*d**3/3 + 6*d**2 - 2*d. Let g be q(9). Calculate the greatest common divisor of g and 33.
3
Let p = 53 - 44. Let c be ((-6)/(-4))/((-3)/(-54)). Calculate the highest common divisor of p and c.
9
Let n = 1 + 2. Suppose 0 = n*d + 2*p - 1015, 0*p - p = -3*d + 1027. Suppose 187 = 4*v - d. What is the highest common divisor of 12 and v?
12
Let g be 8/(-2) - (-1 - 8). Suppose 212 = 4*n - 4*a, 3*n + 221 = 7*n + g*a. Calc